te the highest common factor of x and z.
20
Suppose -20 = -5*p, 2*l - 23364 = -77*p + 72*p. What is the highest common factor of 8 and l?
8
Let b(u) = 79*u**2 - 113*u + 755. Let w be b(6). What is the greatest common factor of 23 and w?
23
Let p = 60 + -49. Let f(z) = z**2 + 12*z - 9. Let y be f(-8). Let a = -30 - y. What is the highest common factor of a and p?
11
Suppose -3*y + 536 = -11608. Let k be (-6)/(-8) - y/(-64). Let z = -1993 + 2089. Calculate the greatest common factor of z and k.
32
Suppose -5*t = y - 5735, -5*y = 2*t - 7215 - 21460. What is the highest common divisor of y and 370?
185
Suppose n - 25*r - 4494 = -30*r, -2*n - 2*r = -9036. What is the highest common factor of 507 and n?
39
Let f(m) = -m**2 - 6*m + 9. Let i = 45 + -42. Let y be f(i). Let d be (y/3)/((-1)/12). What is the highest common divisor of 9 and d?
9
Let g be 2 + (-14)/6 - ((-2669)/51 + -11). What is the greatest common factor of g and 497?
7
Let y(x) = -4*x**3 - 190*x**2 + 96*x + 9. Let i be y(-48). Suppose -17*a + 12*a + 495 = 0. What is the highest common divisor of a and i?
9
Suppose 5*w - 4427 = -3*x, 0*x = 5*w - 2*x - 4432. Let h = w + -726. What is the greatest common divisor of 256 and h?
32
Let r be (-2)/(-5) + (-1)/((-5)/3248). Let g = -431 + r. Suppose -4*s + 221 = -g. What is the greatest common divisor of s and 22?
22
Suppose 841 = -34*k + 2065. What is the greatest common factor of 13428 and k?
36
Let x be 22/7 + (-3)/21. Suppose -3*g - q = 0, g = x*g + 2*q. Suppose g = n - 5*r - 9 - 18, -3*n = r - 1. What is the greatest common divisor of n and 10?
2
Let j(m) = -183*m - 501. Let z be j(-4). What is the greatest common factor of 18 and z?
3
Suppose -104*b + 312 = -92*b. Calculate the greatest common factor of 1118 and b.
26
Let t(p) = p**2 + 10*p + 12. Let f be t(6). Suppose -3*z = 3*z + f. Let l = 36 + z. Calculate the greatest common divisor of 144 and l.
18
Let j(f) = 2*f**2 - 13*f - 56. Let o be j(-10). What is the highest common divisor of 3 and o?
1
Let o be 51 + -4 + (-1 - -2). Let b be 1*(-80)/(-8)*(-1)/(-2). Suppose -4*u - k = 4*k - 101, -b*u = -k - 119. Calculate the highest common factor of o and u.
24
Let m be 6/(5/(660/8)). Let i(z) = -z**3 - 21*z**2 - 24*z - 53. Let q be i(-20). What is the greatest common factor of m and q?
9
Suppose 14*m - 10*m = -q + 39, 37 = 3*q - 4*m. Let i(j) = 18*j + 3. Let c be i(3). What is the highest common divisor of q and c?
19
Let m = -10529 - -11937. What is the greatest common divisor of 384 and m?
128
Let k = -126 + 128. Let s = 11 + -1. Suppose -52 = 8*b - s*b. What is the highest common divisor of b and k?
2
Suppose 0 = 207*n + 466464 - 944614 - 1148663. What is the highest common divisor of 29 and n?
29
Let k = -322 + 892. Let w be (29/58)/(4/608). Calculate the highest common divisor of k and w.
38
Let x = -51 + 58. Suppose -x*y = -8*y + 11. Suppose -6*c + y = -19. What is the greatest common divisor of c and 35?
5
Let l be 4/(-32) - 1917/24. Let j = 164 + l. Suppose 5*x - 189 = 91. What is the highest common divisor of x and j?
28
Let p = -156 - -166. Let w be 0/(0 + -2) + 5. Calculate the highest common divisor of p and w.
5
Let n be 25 + 0 + 184518/18. Calculate the highest common factor of 56 and n.
28
Let r = 420 - 387. Suppose 4*o - 23 - 1 = 0. Calculate the highest common factor of o and r.
3
Let k(a) = -26*a + 598. Let v be k(21). Calculate the greatest common factor of 5564 and v.
52
Suppose -5*i - 17364 = -8*i + 3*n, 4*i - 2*n - 23146 = 0. What is the highest common divisor of i and 267?
89
Let o be (-3591)/(-1064) - (-3)/(-8). Calculate the highest common divisor of o and 201.
3
Let a be (-5412)/30*(-30)/12. Calculate the greatest common divisor of 11 and a.
11
Let a = 873 - 866. Suppose 3*s + 3*s = 0. Suppose 1 = 3*b + t - s*t, b - 4*t = 9. Calculate the greatest common factor of a and b.
1
Let i = 4231 - 4226. Let r(b) = -b + 4. Let f be r(0). Suppose 1195 = i*k - y, y + 950 = f*k - y. Calculate the highest common factor of 30 and k.
30
Let z(h) = -2*h - 48. Let t be z(-26). Suppose -o + 996 = t*x, -5*o + 19 = -1. Let k be (-276)/(-9) + 1/3. What is the greatest common divisor of k and x?
31
Suppose 3*g + 46 - 55 = 0. Suppose 0 = -4*u + 12, 34 = 3*s - g*u - 86. What is the highest common factor of 301 and s?
43
Suppose 2180 = 2*i + 4*j, 4185*i = 4188*i - 3*j - 3315. Calculate the greatest common factor of i and 700.
100
Suppose -5*f = 2*x - 22998, 2*f = 27*x - 24*x - 34478. What is the highest common divisor of 14 and x?
14
Let n = -9 - -12. Suppose u - 23 = 4*h - 4, 0 = 4*u + n*h - 19. Let t be (2 - -2) + (u - 3). Calculate the highest common factor of t and 88.
8
Let o(v) = -v**2 - 7*v + 51. Let y be o(-12). Let g be (-27)/54*(1 + y). Calculate the highest common divisor of 16 and g.
4
Let b = 351 + -151. Suppose -4*o + 38 = -62. Calculate the highest common divisor of o and b.
25
Let i be (66/30)/(4/300). Calculate the highest common divisor of i and 440.
55
Let y be (-23976)/252 - 1/(-7). Let k = -89 - y. What is the highest common divisor of k and 66?
6
Let c(j) = 6*j**2 + 132*j - 35. Let k be c(-28). Suppose d = k + 496. Calculate the greatest common factor of 113 and d.
113
Let m = 8041 + -7861. What is the highest common factor of 1140 and m?
60
Let j = 2994 - 2418. Calculate the highest common divisor of 240 and j.
48
Suppose 22*l + 317 = 4*l + 1793. What is the highest common factor of 8 and l?
2
Let v = -34693 - -62828. Calculate the highest common divisor of v and 85.
85
Let b be (-24)/(-228) + 2276/38. Let z be (b/(-9))/5*15/(-2). Calculate the greatest common factor of 10 and z.
10
Let g = 466 + -462. Suppose 4*y - 2*y - 48 = 0. Suppose h + h - 5*n - 48 = 0, -y = -h + g*n. Calculate the highest common factor of 120 and h.
24
Let c = 115 + -106. Suppose 3*h = -0 + c, 2*p + 4*h = 24. Suppose 286 - 1006 = -p*a. Calculate the greatest common factor of a and 48.
24
Let a be -4 - 1/2*-14 - 3. Suppose -3*x - 740 = -4*j, -j + 0*x + 2*x + 190 = a. Suppose 9*v - j = -20. Calculate the greatest common factor of v and 144.
18
Suppose 12053 = 9*u + 11675. Calculate the highest common divisor of 1022 and u.
14
Suppose -3*s + s + 56 = 0. Suppose -3*l = -0*h + 2*h, -h = -3*l - 9. Suppose d - 18 = -0*d + 2*o, -d + 5*o = -h. What is the greatest common factor of d and s?
28
Suppose 0 = -v + 4*w + 20, -4*v + 52 = -v - 4*w. Suppose 22*b - 6656 = -4*b. What is the greatest common divisor of v and b?
16
Let g = -9387 - -10873. Calculate the highest common divisor of 6 and g.
2
Suppose 0 = -22*m + 17*m - 1175. Let w = m + 500. Let c(f) = -3*f**2 + 36*f - 2. Let k be c(6). Calculate the greatest common divisor of w and k.
53
Let l = 5659 - 3275. What is the highest common factor of l and 32?
16
Suppose -d + x - 3 = 0, 14 = -3*d - 3*x - 1. Let g be -14*((-3)/(-12))/(d/16). What is the highest common divisor of 24 and g?
2
Let g(w) = 3*w**2 - 3*w + 3. Let i be g(4). Let l = 70 - i. Let a(q) = -q**3 + q**2 - 2*q + 279. Let f be a(0). Calculate the greatest common factor of l and f.
31
Let l be (-6790)/(-560) - (-3)/(-24). What is the highest common divisor of 17652 and l?
12
Suppose -d - 16286 = -16306. Calculate the greatest common divisor of d and 1280.
20
Let p(z) = -z**3 - 47*z**2 - 496*z - 225. Let v be p(-15). Let k be 90*((-1)/(-2) - -1). Calculate the highest common factor of k and v.
15
Suppose q + k = -2*q + 20, 3*k - 5 = 2*q. Let l be 6/15 + 438/q. Suppose 0 = 6*f - l - 2. Calculate the greatest common factor of f and 135.
15
Let q(o) = o**3 - 23*o**2 + 48*o + 1. Let x be q(21). Suppose x + 231 = 4*m + 5*u, -3*u - 6 = 0. Calculate the highest common factor of m and 115.
23
Let p(t) = 404*t + 4290. Let i be p(-10). What is the highest common divisor of 5050 and i?
50
Suppose 0 = 1866*t - 1871*t + 30. Suppose -36*c + 750 = -31*c. What is the highest common factor of t and c?
6
Let y = -121 + 211. Calculate the highest common factor of 144 and y.
18
Suppose 4*a = -2 + 18. Suppose -b - 4*b + a*c = -101, -3*b + 67 = -4*c. Calculate the highest common factor of b and 68.
17
Suppose -18*d - 36 = -0*d. Let h be d + 1 - -1*11. What is the highest common divisor of 110 and h?
10
Suppose 136*d = 115996 + 22996. Calculate the greatest common divisor of d and 584.
146
Let f be 349 - (-22)/(10